 of 111742603 and 1211.
1211
What is the greatest common factor of 471264 and 335392?
32
What is the highest common factor of 261869274 and 2388?
1194
What is the highest common divisor of 40668995 and 5785?
445
What is the highest common factor of 14392 and 75193060?
1028
Calculate the highest common factor of 27571695 and 915.
915
Calculate the greatest common factor of 46713467 and 136.
17
Calculate the greatest common divisor of 24053929 and 3910.
391
Calculate the greatest common factor of 17 and 30994927.
17
What is the greatest common divisor of 2233044 and 181500?
132
Calculate the highest common divisor of 205732 and 149.
1
What is the highest common factor of 43672560 and 30?
30
What is the highest common factor of 6400 and 20017920?
1280
What is the greatest common divisor of 70956032 and 13984?
608
Calculate the greatest common divisor of 2074150 and 425.
25
Calculate the greatest common divisor of 159732 and 272.
68
What is the greatest common factor of 61889274 and 1242?
414
What is the greatest common divisor of 19109 and 44325?
197
What is the greatest common factor of 215636321 and 1511?
1511
What is the greatest common divisor of 5 and 41231945?
5
What is the highest common divisor of 43220324 and 1036?
28
Calculate the greatest common divisor of 900 and 1110763350.
450
Calculate the highest common divisor of 30962683 and 6926.
3463
What is the highest common divisor of 78360 and 86760?
120
What is the highest common divisor of 21400753 and 10585?
2117
Calculate the greatest common factor of 192794 and 221746.
658
What is the greatest common factor of 101706 and 2002?
22
Calculate the greatest common factor of 2710072 and 1768.
136
Calculate the highest common factor of 6144 and 565074.
6
What is the highest common divisor of 1655901 and 312?
39
Calculate the highest common divisor of 64 and 20966408.
8
What is the highest common divisor of 38250 and 204450?
150
What is the greatest common divisor of 2824 and 35925163?
353
Calculate the greatest common divisor of 2539627281 and 6282.
3141
What is the highest common divisor of 216 and 3342924?
108
What is the highest common factor of 456 and 131965602?
114
What is the highest common divisor of 94290 and 2219?
7
What is the highest common divisor of 1134 and 6015303?
567
Calculate the highest common factor of 40290 and 700230.
510
Calculate the greatest common divisor of 9768 and 11332915.
407
What is the highest common factor of 10932922 and 1892?
946
What is the highest common factor of 16891 and 16550513?
889
Calculate the highest common divisor of 339080 and 28000.
280
What is the greatest common divisor of 28009058 and 35805?
2387
Calculate the highest common factor of 80049 and 2535.
3
Calculate the highest common divisor of 6 and 378946.
2
What is the greatest common divisor of 87329 and 723877?
187
Calculate the greatest common divisor of 8122471 and 21.
7
What is the highest common divisor of 1325410 and 790?
10
Calculate the highest common factor of 516114 and 1019244.
3246
What is the highest common divisor of 20 and 7806094?
2
Calculate the highest common divisor of 7264318 and 5198.
226
What is the highest common factor of 947546 and 28594?
986
What is the greatest common divisor of 186 and 13258638?
186
What is the highest common factor of 39338327 and 14?
7
What is the highest common factor of 45 and 20787990?
15
What is the highest common divisor of 446355272 and 11396?
1628
Calculate the highest common factor of 785 and 89822055.
785
What is the greatest common factor of 104 and 6106906?
26
Calculate the greatest common divisor of 35722542 and 18768.
2346
Calculate the greatest common divisor of 1617 and 662066097.
1617
What is the greatest common factor of 4007757 and 12?
3
What is the highest common divisor of 33800517 and 81?
27
What is the greatest common factor of 26275725 and 475?
25
What is the highest common factor of 2317 and 3452992?
331
What is the greatest common divisor of 1254668610 and 2470?
2470
Calculate the greatest common divisor of 3194928 and 64.
16
What is the highest common factor of 196511600 and 50?
50
What is the highest common divisor of 1638325 and 49700?
1775
What is the greatest common divisor of 88592 and 220802?
226
What is the highest common divisor of 6113105 and 2510?
1255
Calculate the greatest common factor of 1520 and 11480400.
80
Calculate the greatest common divisor of 20 and 186112.
4
Calculate the highest common divisor of 31450 and 67541.
17
What is the highest common divisor of 548 and 425517068?
548
What is the greatest common factor of 2786 and 31061114?
2786
What is the greatest common factor of 1722 and 696320835?
861
Calculate the highest common divisor of 1661506 and 854.
14
What is the highest common divisor of 1526 and 10129462?
14
What is the highest common factor of 13377 and 61321?
13
What is the highest common factor of 5549 and 1283944267?
5549
Calculate the highest common factor of 1996193 and 253.
23
What is the greatest common divisor of 23190 and 168540?
30
Calculate the greatest common factor of 1017295 and 7.
1
What is the highest common factor of 47301380 and 210?
70
Calculate the highest common divisor of 1015957348 and 203.
203
What is the highest common factor of 2470 and 66640106?
494
What is the greatest common divisor of 8579115 and 106605?
1035
Calculate the highest common factor of 6 and 12124.
2
Calculate the greatest common factor of 1476664 and 506072.
392
Calculate the greatest common factor of 16769779 and 2847.
949
What is the greatest common divisor of 1524 and 292414071?
381
What is the greatest common divisor of 21609 and 3297798?
441
What is the greatest common divisor of 346 and 30878?
2
Calculate the highest common factor of 6108427 and 143.
13
Calculate the greatest common factor of 2 and 28400282.
2
What is the highest common factor of 618015553 and 824?
103
What is the greatest common factor of 1768 and 34338317?
221
Calculate the greatest common divisor of 32 and 86265248.
32
Calculate the highest common factor of 578 and 313597946.
578
Calculate the highest common factor of 14798320 and 240.
80
Calculate the highest common factor of 9837 and 18729.
9
What is the greatest common factor of 1096911480 and 1416?
1416
What is the highest common divisor of 271952583 and 641?
641
What is the greatest common factor of 5677328 and 2096?
16
Calculate the highest common divisor of 30362 and 2230714.
1786
Calculate the highest common divisor of 15435 and 24632055.
2205
Calculate the greatest common factor of 63547 and 2207359.
1199
What is the greatest common factor of 340902 and 11652?
6
Calculate the highest common divisor of 514891289 and 1947.
649
Calculate the greatest common divisor of 58188 and 2080594.
746
Calculate the greatest common factor of 186978 and 19304062.
5666
Calculate the highest common divisor of 100845 and 199170.
45
What is the highest common divisor of 48 and 118091820?
12
Calculate the greatest common factor of 40 and 8181040.
40
What is the highest common divisor of 191723 and 337199?
449
What is the greatest common factor of 2709 and 4245381?
63
What is the highest common divisor of 9250 and 638425?
25
Calculate the highest common factor of 65 and 11588551.
13
What is the greatest common factor of 387 and 479295?
9
What is the greatest common factor of 20355 and 1674538?
1357
Calculate the greatest common factor of 7521 and 1917528.
327
What is the highest common divisor of 2304918872 and 92?
92
Calculate the highest common factor of 1174 and 23686037.
587
Calculate the greatest common divisor of 209537 and 67838.
317
Calculate the highest common divisor of 1036 and 51693810.
518
Calculate the greatest common factor of 174512478 and 1143.
381
What is the highest common divisor of 216016 and 10718?
46
Calculate the greatest common divisor of 182 and 11434930.
26
Calculate the greatest common divisor of 329971744 and 32.
32
Calculate the highest common factor of 626664 and 1944.
24
Calculate the greatest common divisor of 7091216 and 516.
172
Calculate the highest common factor of 99118 and 282.
2
What is the greatest common factor of 1270 and 22520656?
254
What is the greatest common factor of 5499194 and 323?
17
What is the greatest common divisor of 47